{"id":659,"date":"2020-02-10T21:03:06","date_gmt":"2020-02-10T21:03:06","guid":{"rendered":"https:\/\/cajacolon.mlejman.com.ar\/?page_id=659"},"modified":"2020-07-03T12:06:11","modified_gmt":"2020-07-03T12:06:11","slug":"paginas-oficiales","status":"publish","type":"page","link":"https:\/\/cajacolon.com.ar\/?page_id=659","title":{"rendered":"P\u00e1ginas oficiales"},"content":{"rendered":"\t\t<div data-elementor-type=\"wp-page\" data-elementor-id=\"659\" class=\"elementor elementor-659\">\n\t\t\t\t\t\t<section class=\"elementor-section elementor-top-section elementor-element elementor-element-ef72694 elementor-section-boxed elementor-section-height-default elementor-section-height-default\" data-id=\"ef72694\" data-element_type=\"section\">\n\t\t\t\t\t\t<div class=\"elementor-container elementor-column-gap-default\">\n\t\t\t\t\t<div class=\"elementor-column elementor-col-100 elementor-top-column elementor-element elementor-element-7a8b66a\" data-id=\"7a8b66a\" data-element_type=\"column\">\n\t\t\t<div class=\"elementor-widget-wrap elementor-element-populated\">\n\t\t\t\t\t\t<div class=\"elementor-element elementor-element-ba8308a elementor-widget elementor-widget-spacer\" data-id=\"ba8308a\" data-element_type=\"widget\" data-widget_type=\"spacer.default\">\n\t\t\t\t<div class=\"elementor-widget-container\">\n\t\t\t\t\t\t\t<div class=\"elementor-spacer\">\n\t\t\t<div class=\"elementor-spacer-inner\"><\/div>\n\t\t<\/div>\n\t\t\t\t\t\t<\/div>\n\t\t\t\t<\/div>\n\t\t\t\t\t<\/div>\n\t\t<\/div>\n\t\t\t\t\t<\/div>\n\t\t<\/section>\n\t\t\t\t<section class=\"elementor-section elementor-top-section elementor-element elementor-element-9ab2ad0 elementor-section-boxed elementor-section-height-default elementor-section-height-default\" data-id=\"9ab2ad0\" data-element_type=\"section\">\n\t\t\t\t\t\t<div class=\"elementor-container elementor-column-gap-default\">\n\t\t\t\t\t<div class=\"elementor-column elementor-col-33 elementor-top-column elementor-element elementor-element-b37983b\" data-id=\"b37983b\" data-element_type=\"column\">\n\t\t\t<div class=\"elementor-widget-wrap elementor-element-populated\">\n\t\t\t\t\t\t<div class=\"elementor-element elementor-element-c46c79a elementor-view-default elementor-position-top elementor-mobile-position-top elementor-widget elementor-widget-icon-box\" data-id=\"c46c79a\" data-element_type=\"widget\" data-widget_type=\"icon-box.default\">\n\t\t\t\t<div class=\"elementor-widget-container\">\n\t\t\t\t\t\t\t<div class=\"elementor-icon-box-wrapper\">\n\n\t\t\t\t\t\t<div class=\"elementor-icon-box-icon\">\n\t\t\t\t<a href=\"https:\/\/termascolon.gov.ar\/\" target=\"_blank\" class=\"elementor-icon\" tabindex=\"-1\" aria-label=\"Termas de Col\u00f3n\">\n\t\t\t\t<i aria-hidden=\"true\" class=\"fas fa-water\"><\/i>\t\t\t\t<\/a>\n\t\t\t<\/div>\n\t\t\t\n\t\t\t\t\t\t<div class=\"elementor-icon-box-content\">\n\n\t\t\t\t\t\t\t\t\t<h3 class=\"elementor-icon-box-title\">\n\t\t\t\t\t\t<a href=\"https:\/\/termascolon.gov.ar\/\" target=\"_blank\" >\n\t\t\t\t\t\t\tTermas de Col\u00f3n\t\t\t\t\t\t<\/a>\n\t\t\t\t\t<\/h3>\n\t\t\t\t\n\t\t\t\t\n\t\t\t<\/div>\n\t\t\t\n\t\t<\/div>\n\t\t\t\t\t\t<\/div>\n\t\t\t\t<\/div>\n\t\t\t\t\t<\/div>\n\t\t<\/div>\n\t\t\t\t<div class=\"elementor-column elementor-col-33 elementor-top-column elementor-element elementor-element-bb03719\" data-id=\"bb03719\" data-element_type=\"column\">\n\t\t\t<div class=\"elementor-widget-wrap elementor-element-populated\">\n\t\t\t\t\t\t<div class=\"elementor-element elementor-element-004d065 elementor-view-default elementor-position-top elementor-mobile-position-top elementor-widget elementor-widget-icon-box\" data-id=\"004d065\" data-element_type=\"widget\" data-widget_type=\"icon-box.default\">\n\t\t\t\t<div class=\"elementor-widget-container\">\n\t\t\t\t\t\t\t<div class=\"elementor-icon-box-wrapper\">\n\n\t\t\t\t\t\t<div class=\"elementor-icon-box-icon\">\n\t\t\t\t<a href=\"http:\/\/www.colon.gov.ar\/\" target=\"_blank\" class=\"elementor-icon\" tabindex=\"-1\" aria-label=\"Municipalidad de Col\u00f3n\">\n\t\t\t\t<i aria-hidden=\"true\" class=\"far fa-sun\"><\/i>\t\t\t\t<\/a>\n\t\t\t<\/div>\n\t\t\t\n\t\t\t\t\t\t<div class=\"elementor-icon-box-content\">\n\n\t\t\t\t\t\t\t\t\t<h3 class=\"elementor-icon-box-title\">\n\t\t\t\t\t\t<a href=\"http:\/\/www.colon.gov.ar\/\" target=\"_blank\" >\n\t\t\t\t\t\t\tMunicipalidad de Col\u00f3n\t\t\t\t\t\t<\/a>\n\t\t\t\t\t<\/h3>\n\t\t\t\t\n\t\t\t\t\n\t\t\t<\/div>\n\t\t\t\n\t\t<\/div>\n\t\t\t\t\t\t<\/div>\n\t\t\t\t<\/div>\n\t\t\t\t\t<\/div>\n\t\t<\/div>\n\t\t\t\t<div class=\"elementor-column elementor-col-33 elementor-top-column elementor-element elementor-element-ed427fe\" data-id=\"ed427fe\" data-element_type=\"column\">\n\t\t\t<div class=\"elementor-widget-wrap elementor-element-populated\">\n\t\t\t\t\t\t<div class=\"elementor-element elementor-element-e98a665 elementor-view-default elementor-position-top elementor-mobile-position-top elementor-widget elementor-widget-icon-box\" data-id=\"e98a665\" data-element_type=\"widget\" data-widget_type=\"icon-box.default\">\n\t\t\t\t<div class=\"elementor-widget-container\">\n\t\t\t\t\t\t\t<div class=\"elementor-icon-box-wrapper\">\n\n\t\t\t\t\t\t<div class=\"elementor-icon-box-icon\">\n\t\t\t\t<a href=\"http:\/\/www.elsaucedal.com.ar\/\" target=\"_blank\" class=\"elementor-icon\" tabindex=\"-1\" aria-label=\"El Saucedal&lt;BR&gt;Complejo de Bungalows\">\n\t\t\t\t<i aria-hidden=\"true\" class=\"fas fa-home\"><\/i>\t\t\t\t<\/a>\n\t\t\t<\/div>\n\t\t\t\n\t\t\t\t\t\t<div class=\"elementor-icon-box-content\">\n\n\t\t\t\t\t\t\t\t\t<h3 class=\"elementor-icon-box-title\">\n\t\t\t\t\t\t<a href=\"http:\/\/www.elsaucedal.com.ar\/\" target=\"_blank\" >\n\t\t\t\t\t\t\tEl Saucedal<BR>Complejo de Bungalows\t\t\t\t\t\t<\/a>\n\t\t\t\t\t<\/h3>\n\t\t\t\t\n\t\t\t\t\n\t\t\t<\/div>\n\t\t\t\n\t\t<\/div>\n\t\t\t\t\t\t<\/div>\n\t\t\t\t<\/div>\n\t\t\t\t\t<\/div>\n\t\t<\/div>\n\t\t\t\t\t<\/div>\n\t\t<\/section>\n\t\t\t\t<section class=\"elementor-section elementor-top-section elementor-element elementor-element-12e3df8 elementor-hidden-phone elementor-section-boxed elementor-section-height-default elementor-section-height-default\" data-id=\"12e3df8\" data-element_type=\"section\">\n\t\t\t\t\t\t<div class=\"elementor-container elementor-column-gap-default\">\n\t\t\t\t\t<div class=\"elementor-column elementor-col-33 elementor-top-column elementor-element elementor-element-cae63f0\" data-id=\"cae63f0\" data-element_type=\"column\">\n\t\t\t<div class=\"elementor-widget-wrap elementor-element-populated\">\n\t\t\t\t\t\t<div class=\"elementor-element elementor-element-ea4f706 elementor-widget__width-auto elementor-widget elementor-widget-button\" data-id=\"ea4f706\" data-element_type=\"widget\" data-widget_type=\"button.default\">\n\t\t\t\t<div class=\"elementor-widget-container\">\n\t\t\t\t\t\t\t\t\t<div class=\"elementor-button-wrapper\">\n\t\t\t\t\t<a class=\"elementor-button elementor-button-link elementor-size-sm\" href=\"https:\/\/termascolon.gov.ar\/\" target=\"_blank\">\n\t\t\t\t\t\t<span class=\"elementor-button-content-wrapper\">\n\t\t\t\t\t\t\t\t\t<span class=\"elementor-button-text\">Ingresar<\/span>\n\t\t\t\t\t<\/span>\n\t\t\t\t\t<\/a>\n\t\t\t\t<\/div>\n\t\t\t\t\t\t\t\t<\/div>\n\t\t\t\t<\/div>\n\t\t\t\t\t<\/div>\n\t\t<\/div>\n\t\t\t\t<div class=\"elementor-column elementor-col-33 elementor-top-column elementor-element elementor-element-b5702b2\" data-id=\"b5702b2\" data-element_type=\"column\">\n\t\t\t<div class=\"elementor-widget-wrap elementor-element-populated\">\n\t\t\t\t\t\t<div class=\"elementor-element elementor-element-5781c61 elementor-widget__width-auto elementor-widget elementor-widget-button\" data-id=\"5781c61\" data-element_type=\"widget\" data-widget_type=\"button.default\">\n\t\t\t\t<div class=\"elementor-widget-container\">\n\t\t\t\t\t\t\t\t\t<div class=\"elementor-button-wrapper\">\n\t\t\t\t\t<a class=\"elementor-button elementor-button-link elementor-size-sm\" href=\"http:\/\/www.colon.gov.ar\/\" target=\"_blank\">\n\t\t\t\t\t\t<span class=\"elementor-button-content-wrapper\">\n\t\t\t\t\t\t\t\t\t<span class=\"elementor-button-text\">Ingresar<\/span>\n\t\t\t\t\t<\/span>\n\t\t\t\t\t<\/a>\n\t\t\t\t<\/div>\n\t\t\t\t\t\t\t\t<\/div>\n\t\t\t\t<\/div>\n\t\t\t\t\t<\/div>\n\t\t<\/div>\n\t\t\t\t<div class=\"elementor-column elementor-col-33 elementor-top-column elementor-element elementor-element-31eb77a\" data-id=\"31eb77a\" data-element_type=\"column\">\n\t\t\t<div class=\"elementor-widget-wrap elementor-element-populated\">\n\t\t\t\t\t\t<div class=\"elementor-element elementor-element-1be156f elementor-widget__width-auto elementor-widget elementor-widget-button\" data-id=\"1be156f\" data-element_type=\"widget\" data-widget_type=\"button.default\">\n\t\t\t\t<div class=\"elementor-widget-container\">\n\t\t\t\t\t\t\t\t\t<div class=\"elementor-button-wrapper\">\n\t\t\t\t\t<a class=\"elementor-button elementor-button-link elementor-size-sm\" href=\"http:\/\/www.elsaucedal.com.ar\/\" target=\"_blank\">\n\t\t\t\t\t\t<span class=\"elementor-button-content-wrapper\">\n\t\t\t\t\t\t\t\t\t<span class=\"elementor-button-text\">Ingresar<\/span>\n\t\t\t\t\t<\/span>\n\t\t\t\t\t<\/a>\n\t\t\t\t<\/div>\n\t\t\t\t\t\t\t\t<\/div>\n\t\t\t\t<\/div>\n\t\t\t\t\t<\/div>\n\t\t<\/div>\n\t\t\t\t\t<\/div>\n\t\t<\/section>\n\t\t\t\t<section class=\"elementor-section elementor-top-section elementor-element elementor-element-74f9303 elementor-hidden-phone elementor-section-boxed elementor-section-height-default elementor-section-height-default\" data-id=\"74f9303\" data-element_type=\"section\">\n\t\t\t\t\t\t<div class=\"elementor-container elementor-column-gap-default\">\n\t\t\t\t\t<div class=\"elementor-column elementor-col-100 elementor-top-column elementor-element elementor-element-2ba6f20\" data-id=\"2ba6f20\" data-element_type=\"column\">\n\t\t\t<div class=\"elementor-widget-wrap elementor-element-populated\">\n\t\t\t\t\t\t<div class=\"elementor-element elementor-element-4b44642 elementor-widget elementor-widget-spacer\" data-id=\"4b44642\" data-element_type=\"widget\" data-widget_type=\"spacer.default\">\n\t\t\t\t<div class=\"elementor-widget-container\">\n\t\t\t\t\t\t\t<div class=\"elementor-spacer\">\n\t\t\t<div class=\"elementor-spacer-inner\"><\/div>\n\t\t<\/div>\n\t\t\t\t\t\t<\/div>\n\t\t\t\t<\/div>\n\t\t\t\t\t<\/div>\n\t\t<\/div>\n\t\t\t\t\t<\/div>\n\t\t<\/section>\n\t\t\t\t<section class=\"elementor-section elementor-top-section elementor-element elementor-element-eb28f71 elementor-section-boxed elementor-section-height-default elementor-section-height-default\" data-id=\"eb28f71\" data-element_type=\"section\">\n\t\t\t\t\t\t<div class=\"elementor-container elementor-column-gap-default\">\n\t\t\t\t\t<div class=\"elementor-column elementor-col-50 elementor-top-column elementor-element elementor-element-4c2d037\" data-id=\"4c2d037\" data-element_type=\"column\">\n\t\t\t<div class=\"elementor-widget-wrap elementor-element-populated\">\n\t\t\t\t\t\t<div class=\"elementor-element elementor-element-c6964a8 elementor-view-default elementor-position-top elementor-mobile-position-top elementor-widget elementor-widget-icon-box\" data-id=\"c6964a8\" data-element_type=\"widget\" data-widget_type=\"icon-box.default\">\n\t\t\t\t<div class=\"elementor-widget-container\">\n\t\t\t\t\t\t\t<div class=\"elementor-icon-box-wrapper\">\n\n\t\t\t\t\t\t<div class=\"elementor-icon-box-icon\">\n\t\t\t\t<a href=\"https:\/\/www.anses.gob.ar\/\" target=\"_blank\" class=\"elementor-icon\" tabindex=\"-1\" aria-label=\"P\u00e1gina Oficial ANSES\">\n\t\t\t\t<svg xmlns:cc=\"http:\/\/creativecommons.org\/ns#\" xmlns:dc=\"http:\/\/purl.org\/dc\/elements\/1.1\/\" xmlns:inkscape=\"http:\/\/www.inkscape.org\/namespaces\/inkscape\" xmlns:rdf=\"http:\/\/www.w3.org\/1999\/02\/22-rdf-syntax-ns#\" xmlns:sodipodi=\"http:\/\/sodipodi.sourceforge.net\/DTD\/sodipodi-0.dtd\" xmlns:svg=\"http:\/\/www.w3.org\/2000\/svg\" xmlns=\"http:\/\/www.w3.org\/2000\/svg\" xmlns:xlink=\"http:\/\/www.w3.org\/1999\/xlink\" id=\"svg722\" inkscape:version=\"0.92.4 (5da689c313, 2019-01-14)\" sodipodi:docname=\"anses-logo.svg\" x=\"0px\" y=\"0px\" viewBox=\"0 0 250 250\" style=\"enable-background:new 0 0 250 250;\" xml:space=\"preserve\"><style type=\"text\/css\">\t.st0{fill:#FFFFFF;}<\/style><g id=\"g748\" transform=\"matrix(0.625,0,0,0.625,-1849.3105,113.57685)\">\t<rect id=\"rect739\" x=\"2958.9\" y=\"-181.7\" width=\"400\" height=\"400\"><\/rect>\t<g id=\"Group_1480\" transform=\"matrix(1.5035188,0,0,1.5035188,-4035.5447,45.885813)\">\t\t<path id=\"Path_258\" inkscape:connector-curvature=\"0\" class=\"st0\" d=\"M4791.8-23.4c-4.7-1.5-8.8-2.8-8.8-5.4c0,0-0.2-3.9,5.6-3.9    c2.4,0.1,4.7,0.6,6.9,1.5l0,0c6.2,2.5,8.8-2.4,9.6-4.5c0.2-0.5,0.1-1.1-0.4-1.5c-1.1-1-2.4-1.8-3.8-2.4c-3.8-1.7-7.9-2.5-12.1-2.6    c-9.8,0-16.7,5.9-16.7,14.3v0.2c0,10.5,14.6,13.9,15.5,14.1c0.1,0,0.1,0,0.1,0.1c4.5,1.3,8.4,2.6,8.4,5.3c0,0,0.2,4.3-6.3,4.3    c-3.4-0.1-6.7-0.9-9.7-2.6c-5.7-2.3-8.4,2.3-9.3,4.2c-0.2,0.5-0.1,1.1,0.3,1.5c0.3,0.3,0.7,0.6,1.3,1.1c5.1,3.4,11,5.2,17.1,5.3    c10.7,0,17.4-5.6,17.4-14.8v-0.2C4807.1-18.8,4791.8-23.4,4791.8-23.4z\"><\/path>\t\t<path id=\"Path_259\" inkscape:connector-curvature=\"0\" class=\"st0\" d=\"M4877.2-23.4c-4.7-1.5-8.8-2.8-8.8-5.4c0,0-0.2-3.9,5.6-3.9    c2.4,0.1,4.7,0.6,6.9,1.5l0,0c6.2,2.5,8.8-2.4,9.6-4.5c0.2-0.5,0.1-1.1-0.4-1.5c-1.1-1-2.4-1.8-3.8-2.4c-3.8-1.7-7.9-2.6-12.1-2.6    c-9.8,0-16.7,5.9-16.7,14.3v0.2c0,10.5,14.6,13.9,15.5,14.1c0.1,0,0.1,0,0.1,0.1c4.5,1.3,8.4,2.6,8.4,5.3c0,0,0.2,4.3-6.3,4.3    c-3.4-0.1-6.7-0.9-9.7-2.6c-5.7-2.3-8.4,2.3-9.3,4.2c-0.2,0.5-0.1,1.1,0.3,1.5c0.3,0.3,0.7,0.6,1.3,1.1c5.1,3.4,11,5.2,17.1,5.3    c10.7,0,17.4-5.6,17.4-14.8v-0.2C4892.4-18.8,4877.2-23.4,4877.2-23.4z\"><\/path>\t\t<path id=\"Path_260\" inkscape:connector-curvature=\"0\" class=\"st0\" d=\"M4750.2-42.4c-3.9,0-7.6,1.3-10.6,3.8    c-0.4,0.3-0.7,0.5-1,0.9c-0.7,0.6-1.6,0.5-2.2-0.2c0,0,0,0-0.1-0.1c-0.2-0.3-0.4-0.6-0.6-0.9c-2.1-3.2-6.7-3.3-9-3.2    c-0.8,0.1-1.3,0.7-1.3,1.5l0.1,44.1c0,0.7,0.6,1.4,1.3,1.5c3,0.2,10.2,0,10.2-7.6v-18.6c0-6.3,3.7-10.4,9.3-10.4    c5.7,0,8.9,3.7,8.9,10.3V3.5c0,0.8,0.6,1.4,1.3,1.5c3,0.2,10.2-0.2,10.2-7.6v-21.9C4766.7-35.6,4760.4-42.4,4750.2-42.4z\"><\/path>\t\t<path id=\"Path_261\" inkscape:connector-curvature=\"0\" class=\"st0\" d=\"M4848.8-14.1c3,0,5.5-2.4,5.5-5.5c0,0,0-0.1,0-0.1    c0-11-7.7-22.7-22-22.7c-12.9,0-22.6,10.3-22.6,24v0.2c0,13.9,10,23.9,23.7,23.9c5.1,0.1,10.1-1.4,14.2-4.2c1.1-0.8,2.2-1.8,3.1-3    c0.4-0.5,0.4-1.2,0.1-1.7c-1.2-1.8-4.5-5.7-9.1-3.1c-2.5,1.4-5.3,2.2-8.1,2.3c-6.3,0-10.9-3.8-12.1-10L4848.8-14.1L4848.8-14.1z     M4821.4-22.2v-0.1l0,0c1.1-6.3,5.3-10.3,10.8-10.3c6,0,9.1,4.1,10.3,8.6c0.2,0.8-0.3,1.6-1.1,1.7c-0.1,0-0.2,0-0.3,0L4821.4-22.2    z\"><\/path>\t\t<path id=\"Path_262\" inkscape:connector-curvature=\"0\" class=\"st0\" d=\"M4713.9-36.9c-3.3-3.4-8.5-5.2-15.1-5.2    c-4.5,0-8.9,0.7-13.2,2.2c-1.5,0.6-2.9,1.3-4.2,2.2c-0.6,0.4-0.8,1-0.6,1.7c0.8,2.2,3.1,7,9.7,5.1l0,0c2.3-0.6,4.6-0.9,6.9-0.9    c4.4,0,9.5,1.4,10.2,7.6c0,0-4.9-0.1-9.9,0c-11.8,0.3-20,5.6-20,15.1v0.2c0,9.9,8.4,14.5,16.3,14.5c6.9,0,10.9-2.7,12.7-4.5    c0.6-0.5,1.4-0.5,2,0.1c0.1,0.1,0.1,0.1,0.1,0.2c2.3,3.2,6.4,3.5,8.6,3.5c0.8,0,1.4-0.7,1.4-1.5l0.1-26    C4718.9-28.8,4717.2-33.6,4713.9-36.9z M4696.8-3.2c-4.8,0-7.9-2.4-7.9-6.1v-0.2c0-3.9,3.5-6.4,9.3-6.7c3.6-0.2,9.6-0.1,9.6-0.1    l0.1,4.1C4707.9-7,4703.2-3.2,4696.8-3.2z\"><\/path>\t<\/g><\/g><\/svg>\t\t\t\t<\/a>\n\t\t\t<\/div>\n\t\t\t\n\t\t\t\t\t\t<div class=\"elementor-icon-box-content\">\n\n\t\t\t\t\t\t\t\t\t<h3 class=\"elementor-icon-box-title\">\n\t\t\t\t\t\t<a href=\"https:\/\/www.anses.gob.ar\/\" target=\"_blank\" >\n\t\t\t\t\t\t\tP\u00e1gina Oficial ANSES\t\t\t\t\t\t<\/a>\n\t\t\t\t\t<\/h3>\n\t\t\t\t\n\t\t\t\t\n\t\t\t<\/div>\n\t\t\t\n\t\t<\/div>\n\t\t\t\t\t\t<\/div>\n\t\t\t\t<\/div>\n\t\t\t\t\t<\/div>\n\t\t<\/div>\n\t\t\t\t<div class=\"elementor-column elementor-col-50 elementor-top-column elementor-element elementor-element-8bea660\" data-id=\"8bea660\" data-element_type=\"column\">\n\t\t\t<div class=\"elementor-widget-wrap elementor-element-populated\">\n\t\t\t\t\t\t<div class=\"elementor-element elementor-element-662f7c5 elementor-view-default elementor-position-top elementor-mobile-position-top elementor-widget elementor-widget-icon-box\" data-id=\"662f7c5\" data-element_type=\"widget\" data-widget_type=\"icon-box.default\">\n\t\t\t\t<div class=\"elementor-widget-container\">\n\t\t\t\t\t\t\t<div class=\"elementor-icon-box-wrapper\">\n\n\t\t\t\t\t\t<div class=\"elementor-icon-box-icon\">\n\t\t\t\t<a href=\"https:\/\/www.cajajper.gov.ar\/\" target=\"_blank\" class=\"elementor-icon\" tabindex=\"-1\" aria-label=\"Caja de Jubilaciones Provincial\">\n\t\t\t\t<svg xmlns:cc=\"http:\/\/creativecommons.org\/ns#\" xmlns:dc=\"http:\/\/purl.org\/dc\/elements\/1.1\/\" xmlns:inkscape=\"http:\/\/www.inkscape.org\/namespaces\/inkscape\" xmlns:rdf=\"http:\/\/www.w3.org\/1999\/02\/22-rdf-syntax-ns#\" xmlns:sodipodi=\"http:\/\/sodipodi.sourceforge.net\/DTD\/sodipodi-0.dtd\" xmlns:svg=\"http:\/\/www.w3.org\/2000\/svg\" xmlns=\"http:\/\/www.w3.org\/2000\/svg\" xmlns:xlink=\"http:\/\/www.w3.org\/1999\/xlink\" id=\"svg722\" inkscape:version=\"0.92.4 (5da689c313, 2019-01-14)\" sodipodi:docname=\"anses-logo.svg\" x=\"0px\" y=\"0px\" viewBox=\"0 0 250 250\" style=\"enable-background:new 0 0 250 250;\" xml:space=\"preserve\"><g>\t<g>\t\t<path d=\"M146.3,86.1c11.9-11.8,25.3-21,42.1-24.5c14.3-2.9,28.5-2.3,42.4,2.2c2.4,0.8,3.5,1.8,3.5,4.5c-0.1,12.5-0.1,25-0.1,38.3    c-6.5-5.4-13.4-8.5-21.1-9.9c-25.4-4.8-48.8,14.4-48.8,40.3c0,23.5,0,47,0.3,70.5c0,4.2-1.4,4.9-5.1,4.8c-7.8-0.3-15.7-0.3-23.5,0    c-4,0.2-5.4-1.1-4.9-5c0.3-1.9,0-3.9,0-5.8c-2.2-0.3-3.6,0.7-5.1,1.4c-46.6,23.4-102.8-6.2-109.6-57.8    c-5.8-43.7,26.1-82.9,70-86.1c21.4-1.5,39.9,5.2,56.2,18.9c2.5,2.1,2.6,3.8,0.6,6c-3,2.9-5.3,6.3-6.8,10.2    c-0.2,0.2-0.3,0.4-0.3,0.6c-1.2,1.1-1.9,2.4-2.1,4.1l0,0.1c-1.1,0.8-1.6,1.9-1.7,3.2c-3.3,5.9-4.8,12.4-5.8,18.9    c-0.6,4.1-2.2,7-5,9.9c-13,12.8-25.9,25.8-38.8,38.8c-1.2,1.2-4.6,2.9,0,4.2c15.4,4.6,34.7-3.4,42.4-17.6c2.1-3.9,3.9-8,5.9-12.1    c1.6-0.9,1.3-2.5,1.3-4c0-6.3-0.1-12.5-0.1-18.8c-0.7-4.4,1.7-8.2,2.1-12.4c0.8-0.8,1.1-1.9,1-3c0.4-0.9,0.7-1.8,1.1-2.8    c0.2-0.4,0.4-0.8,0.6-1.2c0.4-1,0.9-2,1.3-3C140.9,94.8,143.6,90.4,146.3,86.1z M92.3,94.8c-25.1,0.1-43.9,22-39.8,46.7    c0.3,1.7-0.1,4.2,1.8,4.8c1.6,0.5,2.6-1.8,3.7-2.9c4.6-4.6,9.1-9.2,13.7-13.8c9.9-9.9,19.7-19.8,29.6-29.6    c2.4-2.4,2.6-3.7-1.1-4.2C97.5,95.4,94.9,95.1,92.3,94.8z\"><\/path>\t\t<path d=\"M207.4,54.1c-4.9,0-10.1,0.3-15.1,1.5c-4.1,1-4.5-0.6-3.9-4c1.5-8.1,9.8-14.5,18.2-14c8.6,0.5,16,7.8,16.5,16    c0.2,3-1.5,2.4-3.1,2C216,54.6,211.8,54.4,207.4,54.1z\"><\/path>\t\t<path d=\"M130.9,144.2c0.1-5.9,0.1-11.8,0.2-17.7c0-1.7-0.6-3.6,1-5.1c0,6.3,0.1,12.5,0.1,18.8    C132.3,141.7,132.5,143.3,130.9,144.2z\"><\/path>\t\t<path d=\"M136.3,103.3c0.2-0.4,0.4-0.8,0.6-1.2C136.8,102.5,136.6,102.9,136.3,103.3z\"><\/path>\t<\/g><\/g><\/svg>\t\t\t\t<\/a>\n\t\t\t<\/div>\n\t\t\t\n\t\t\t\t\t\t<div class=\"elementor-icon-box-content\">\n\n\t\t\t\t\t\t\t\t\t<h3 class=\"elementor-icon-box-title\">\n\t\t\t\t\t\t<a href=\"https:\/\/www.cajajper.gov.ar\/\" target=\"_blank\" >\n\t\t\t\t\t\t\tCaja de Jubilaciones Provincial\t\t\t\t\t\t<\/a>\n\t\t\t\t\t<\/h3>\n\t\t\t\t\n\t\t\t\t\n\t\t\t<\/div>\n\t\t\t\n\t\t<\/div>\n\t\t\t\t\t\t<\/div>\n\t\t\t\t<\/div>\n\t\t\t\t\t<\/div>\n\t\t<\/div>\n\t\t\t\t\t<\/div>\n\t\t<\/section>\n\t\t\t\t<section class=\"elementor-section elementor-top-section elementor-element elementor-element-da97279 elementor-hidden-phone elementor-section-boxed elementor-section-height-default elementor-section-height-default\" data-id=\"da97279\" data-element_type=\"section\">\n\t\t\t\t\t\t<div class=\"elementor-container elementor-column-gap-default\">\n\t\t\t\t\t<div class=\"elementor-column elementor-col-50 elementor-top-column elementor-element elementor-element-eebf0a9\" data-id=\"eebf0a9\" data-element_type=\"column\">\n\t\t\t<div class=\"elementor-widget-wrap elementor-element-populated\">\n\t\t\t\t\t\t<div class=\"elementor-element elementor-element-5b0f795 elementor-widget__width-auto elementor-widget elementor-widget-button\" data-id=\"5b0f795\" data-element_type=\"widget\" data-widget_type=\"button.default\">\n\t\t\t\t<div class=\"elementor-widget-container\">\n\t\t\t\t\t\t\t\t\t<div class=\"elementor-button-wrapper\">\n\t\t\t\t\t<a class=\"elementor-button elementor-button-link elementor-size-sm\" href=\"https:\/\/www.anses.gob.ar\/\" target=\"_blank\">\n\t\t\t\t\t\t<span class=\"elementor-button-content-wrapper\">\n\t\t\t\t\t\t\t\t\t<span class=\"elementor-button-text\">Ingresar<\/span>\n\t\t\t\t\t<\/span>\n\t\t\t\t\t<\/a>\n\t\t\t\t<\/div>\n\t\t\t\t\t\t\t\t<\/div>\n\t\t\t\t<\/div>\n\t\t\t\t\t<\/div>\n\t\t<\/div>\n\t\t\t\t<div class=\"elementor-column elementor-col-50 elementor-top-column elementor-element elementor-element-4289f57\" data-id=\"4289f57\" data-element_type=\"column\">\n\t\t\t<div class=\"elementor-widget-wrap elementor-element-populated\">\n\t\t\t\t\t\t<div class=\"elementor-element elementor-element-13674f6 elementor-widget__width-auto elementor-widget elementor-widget-button\" data-id=\"13674f6\" data-element_type=\"widget\" data-widget_type=\"button.default\">\n\t\t\t\t<div class=\"elementor-widget-container\">\n\t\t\t\t\t\t\t\t\t<div class=\"elementor-button-wrapper\">\n\t\t\t\t\t<a class=\"elementor-button elementor-button-link elementor-size-sm\" href=\"https:\/\/www.cajajper.gov.ar\/\" target=\"_blank\">\n\t\t\t\t\t\t<span class=\"elementor-button-content-wrapper\">\n\t\t\t\t\t\t\t\t\t<span class=\"elementor-button-text\">Ingresar<\/span>\n\t\t\t\t\t<\/span>\n\t\t\t\t\t<\/a>\n\t\t\t\t<\/div>\n\t\t\t\t\t\t\t\t<\/div>\n\t\t\t\t<\/div>\n\t\t\t\t\t<\/div>\n\t\t<\/div>\n\t\t\t\t\t<\/div>\n\t\t<\/section>\n\t\t\t\t<section class=\"elementor-section elementor-top-section elementor-element elementor-element-2cbcf54a elementor-section-boxed elementor-section-height-default elementor-section-height-default\" data-id=\"2cbcf54a\" data-element_type=\"section\">\n\t\t\t\t\t\t<div class=\"elementor-container elementor-column-gap-default\">\n\t\t\t\t\t<div class=\"elementor-column elementor-col-100 elementor-top-column elementor-element elementor-element-7328cb6a\" data-id=\"7328cb6a\" data-element_type=\"column\">\n\t\t\t<div class=\"elementor-widget-wrap elementor-element-populated\">\n\t\t\t\t\t\t<div class=\"elementor-element elementor-element-31e1241c elementor-widget elementor-widget-spacer\" data-id=\"31e1241c\" data-element_type=\"widget\" data-widget_type=\"spacer.default\">\n\t\t\t\t<div class=\"elementor-widget-container\">\n\t\t\t\t\t\t\t<div class=\"elementor-spacer\">\n\t\t\t<div class=\"elementor-spacer-inner\"><\/div>\n\t\t<\/div>\n\t\t\t\t\t\t<\/div>\n\t\t\t\t<\/div>\n\t\t\t\t<div class=\"elementor-element elementor-element-5516919a elementor-widget-divider--view-line elementor-widget elementor-widget-divider\" data-id=\"5516919a\" data-element_type=\"widget\" data-widget_type=\"divider.default\">\n\t\t\t\t<div class=\"elementor-widget-container\">\n\t\t\t\t\t\t\t<div class=\"elementor-divider\">\n\t\t\t<span class=\"elementor-divider-separator\">\n\t\t\t\t\t\t<\/span>\n\t\t<\/div>\n\t\t\t\t\t\t<\/div>\n\t\t\t\t<\/div>\n\t\t\t\t<div class=\"elementor-element elementor-element-7da323ef elementor-widget elementor-widget-text-editor\" data-id=\"7da323ef\" data-element_type=\"widget\" data-widget_type=\"text-editor.default\">\n\t\t\t\t<div class=\"elementor-widget-container\">\n\t\t\t\t\t\t\t\t\t<p style=\"text-align: right;\" onclick=\"window.history.back()\"><a href=\"#\">Volver atr\u00e1s<\/a><\/p>\t\t\t\t\t\t\t\t<\/div>\n\t\t\t\t<\/div>\n\t\t\t\t<div class=\"elementor-element elementor-element-7d508e61 elementor-widget elementor-widget-spacer\" data-id=\"7d508e61\" data-element_type=\"widget\" data-widget_type=\"spacer.default\">\n\t\t\t\t<div class=\"elementor-widget-container\">\n\t\t\t\t\t\t\t<div class=\"elementor-spacer\">\n\t\t\t<div class=\"elementor-spacer-inner\"><\/div>\n\t\t<\/div>\n\t\t\t\t\t\t<\/div>\n\t\t\t\t<\/div>\n\t\t\t\t\t<\/div>\n\t\t<\/div>\n\t\t\t\t\t<\/div>\n\t\t<\/section>\n\t\t\t\t<\/div>\n\t\t","protected":false},"excerpt":{"rendered":"<p>Termas de Col\u00f3n Municipalidad de Col\u00f3n El SaucedalComplejo de Bungalows Ingresar Ingresar Ingresar P\u00e1gina Oficial ANSES Caja de Jubilaciones Provincial Ingresar Ingresar Volver atr\u00e1s<\/p>\n","protected":false},"author":1,"featured_media":0,"parent":0,"menu_order":0,"comment_status":"closed","ping_status":"closed","template":"","meta":{"zakra_sidebar_layout":"centered","zakra_remove_content_margin":true,"zakra_sidebar":"customizer","zakra_transparent_header":"1","zakra_logo":0,"zakra_main_header_style":"default","zakra_menu_item_color":"","zakra_menu_item_hover_color":"","zakra_menu_item_active_color":"","zakra_menu_active_style":"","zakra_page_header":true,"footnotes":""},"class_list":["post-659","page","type-page","status-publish","hentry"],"_links":{"self":[{"href":"https:\/\/cajacolon.com.ar\/index.php?rest_route=\/wp\/v2\/pages\/659","targetHints":{"allow":["GET"]}}],"collection":[{"href":"https:\/\/cajacolon.com.ar\/index.php?rest_route=\/wp\/v2\/pages"}],"about":[{"href":"https:\/\/cajacolon.com.ar\/index.php?rest_route=\/wp\/v2\/types\/page"}],"author":[{"embeddable":true,"href":"https:\/\/cajacolon.com.ar\/index.php?rest_route=\/wp\/v2\/users\/1"}],"replies":[{"embeddable":true,"href":"https:\/\/cajacolon.com.ar\/index.php?rest_route=%2Fwp%2Fv2%2Fcomments&post=659"}],"version-history":[{"count":23,"href":"https:\/\/cajacolon.com.ar\/index.php?rest_route=\/wp\/v2\/pages\/659\/revisions"}],"predecessor-version":[{"id":750,"href":"https:\/\/cajacolon.com.ar\/index.php?rest_route=\/wp\/v2\/pages\/659\/revisions\/750"}],"wp:attachment":[{"href":"https:\/\/cajacolon.com.ar\/index.php?rest_route=%2Fwp%2Fv2%2Fmedia&parent=659"}],"curies":[{"name":"wp","href":"https:\/\/api.w.org\/{rel}","templated":true}]}}